{"id":464,"date":"2018-12-31T10:33:20","date_gmt":"2018-12-31T10:33:20","guid":{"rendered":"http:\/\/www.zitlaudatosi.cz\/?page_id=464"},"modified":"2023-08-05T14:30:14","modified_gmt":"2023-08-05T14:30:14","slug":"texty","status":"publish","type":"page","link":"https:\/\/www.zitlaudatosi.cz\/index.php\/texty\/","title":{"rendered":"Texty"},"content":{"rendered":"<p>[et_pb_section fb_built=&#8220;1&#8243; _builder_version=&#8220;4.16&#8243; global_colors_info=&#8220;{}&#8220;][et_pb_row _builder_version=&#8220;4.16&#8243; custom_padding=&#8220;24px|0px|2px|0px|false|false&#8220; global_colors_info=&#8220;{}&#8220;][et_pb_column type=&#8220;4_4&#8243; _builder_version=&#8220;4.16&#8243; custom_padding=&#8220;|||&#8220; global_colors_info=&#8220;{}&#8220; custom_padding__hover=&#8220;|||&#8220;][et_pb_text _builder_version=&#8220;4.19.4&#8243; global_colors_info=&#8220;{}&#8220;]<\/p>\n<p><span style=\"display: inline !important; float: none; background-color: transparent; color: #666666; cursor: text; font-family: 'Open Sans',Arial,sans-serif; font-size: 14px; font-style: normal; font-variant: normal; font-weight: 500; letter-spacing: normal; -ms-text-size-adjust: auto; orphans: 2; text-align: left; text-decoration: none; text-indent: 0px; text-transform: none; -webkit-text-stroke-width: 0px; white-space: normal; word-spacing: 0px;\"><a href=\"https:\/\/www.zitlaudatosi.cz\/wp-content\/uploads\/2019\/01\/projev-2018-07-06.pdf\">Projev pape\u017ee Franti\u0161ka<\/a> k \u00fa\u010dastn\u00edk\u016fm konference u p\u0159\u00edle\u017eitosti t\u0159et\u00edho v\u00fdro\u010d\u00ed vyd\u00e1n\u00ed encykliky <em>Laudato si&#8216;<\/em> 6. \u010dervence 2018<\/span><\/p>\n<p>Benedikt XVI., Poselstv\u00ed k sv\u011btov\u00e9mu dni m\u00edru 2010, <a href=\"https:\/\/www.zitlaudatosi.cz\/index.php\/poselstvi-benedikta-xvi\/\">&#8222;Chcete-li d\u00e1t vyr\u016fst m\u00edru, chra\u0148te stvo\u0159en\u00ed.&#8220;<\/a><span style=\"display: inline !important; float: none; background-color: transparent; color: #666666; cursor: text; font-family: 'Open Sans',Arial,sans-serif; font-size: 14px; font-style: normal; font-variant: normal; font-weight: 500; letter-spacing: normal; -ms-text-size-adjust: auto; orphans: 2; text-align: left; text-decoration: none; text-indent: 0px; text-transform: none; -webkit-text-stroke-width: 0px; white-space: normal; word-spacing: 0px;\"><\/span><\/p>\n<p><span style=\"display: inline !important; float: none; background-color: transparent; color: #666666; cursor: text; font-family: 'Open Sans',Arial,sans-serif; font-size: 14px; font-style: normal; font-variant: normal; font-weight: 500; letter-spacing: normal; -ms-text-size-adjust: auto; orphans: 2; text-align: left; text-decoration: none; text-indent: 0px; text-transform: none; -webkit-text-stroke-width: 0px; white-space: normal; word-spacing: 0px;\"><\/span><\/p>\n<p>[\/et_pb_text][\/et_pb_column][\/et_pb_row][et_pb_row column_structure=&#8220;3_4,1_4&#8243; _builder_version=&#8220;4.16&#8243; custom_padding=&#8220;14px|0px|4px|0px|false|false&#8220; global_colors_info=&#8220;{}&#8220;][et_pb_column type=&#8220;3_4&#8243; _builder_version=&#8220;4.16&#8243; custom_padding=&#8220;|||&#8220; global_colors_info=&#8220;{}&#8220; custom_padding__hover=&#8220;|||&#8220;][et_pb_text _builder_version=&#8220;4.16&#8243; global_colors_info=&#8220;{}&#8220;]<\/p>\n<p>Hana Librov\u00e1. <em>Pest\u0159\u00ed a zelen\u00ed. Kapitoly o dobrovoln\u00e9 skromnosti<\/em>. VERONICA a Hnut\u00ed DUHA: Brno, 1994.<\/p>\n<p>P. Milo\u0161 Franti\u0161ek P\u0159evr\u00e1til. <a href=\"https:\/\/www.katyd.cz\/tema\/meli-by-krestane-zit-ekologicky.html\">M\u011bli by k\u0159es\u0165an\u00e9 \u017e\u00edt ekologicky?<\/a> <em>Katolick\u00fd t\u00fdden\u00edk<\/em> 2004\/40, rozhovor.<\/p>\n<p><span>Kate\u0159ina B\u0159ezov\u00e1. <\/span><a href=\"https:\/\/brezova.blog.idnes.cz\/blog.aspx?c=208566\">Ekoteologie. K\u0159es\u0165anstv\u00ed jako nad\u011bje pro \u0159e\u0161en\u00ed ekologick\u00e9 krize<\/a><span>. iDnes.cz 4. 9. 2011.<\/span><\/p>\n<p>Bill McKibben. <em>Zeem\u011b. Jak p\u0159e\u017e\u00edt na na\u0161\u00ed nov\u00e9 nehostinn\u00e9 planet\u011b<\/em>. Paseka: Praha, 2013.<\/p>\n<p>Marek V\u00e1cha. <em>Tv\u00e1\u0159\u00ed v tv\u00e1\u0159e zemi: Inspirov\u00e1no Plej\u00e1dami, Orionem a encyklikou Laudato si&#8216;<\/em>. Brno, 2016.<\/p>\n<p>&nbsp;<\/p>\n<p>[\/et_pb_text][\/et_pb_column][et_pb_column type=&#8220;1_4&#8243; _builder_version=&#8220;4.16&#8243; custom_padding=&#8220;|||&#8220; global_colors_info=&#8220;{}&#8220; custom_padding__hover=&#8220;|||&#8220;][et_pb_image src=&#8220;https:\/\/www.zitlaudatosi.cz\/wp-content\/uploads\/2019\/01\/sm\u00ed\u0159en\u00ed.jpg&#8220; align=&#8220;center&#8220; align_tablet=&#8220;center&#8220; align_phone=&#8220;center&#8220; align_last_edited=&#8220;on|desktop&#8220; _builder_version=&#8220;4.16&#8243; global_colors_info=&#8220;{}&#8220;][\/et_pb_image][\/et_pb_column][\/et_pb_row][et_pb_row column_structure=&#8220;1_4,3_4&#8243; _builder_version=&#8220;4.16&#8243; custom_padding=&#8220;4px|0px|13px|0px|false|false&#8220; global_colors_info=&#8220;{}&#8220;][et_pb_column type=&#8220;1_4&#8243; _builder_version=&#8220;4.16&#8243; custom_padding=&#8220;|||&#8220; global_colors_info=&#8220;{}&#8220; custom_padding__hover=&#8220;|||&#8220;][et_pb_image src=&#8220;https:\/\/www.zitlaudatosi.cz\/wp-content\/uploads\/2019\/01\/vegetables.jpg&#8220; align_tablet=&#8220;center&#8220; align_phone=&#8220;center&#8220; align_last_edited=&#8220;on|desktop&#8220; _builder_version=&#8220;4.16&#8243; global_colors_info=&#8220;{}&#8220;]&nbsp;<br \/>\n[\/et_pb_image][\/et_pb_column][et_pb_column type=&#8220;3_4&#8243; _builder_version=&#8220;4.16&#8243; custom_padding=&#8220;|||&#8220; global_colors_info=&#8220;{}&#8220; custom_padding__hover=&#8220;|||&#8220;][et_pb_text _builder_version=&#8220;4.16&#8243; custom_margin=&#8220;-13px||-4px|||&#8220; custom_padding=&#8220;0px||18px|||&#8220; global_colors_info=&#8220;{}&#8220;]<\/p>\n<p><span style=\"font-size: 14px;\">James Garvey. <\/span><em style=\"font-size: 14px;\">Etika klimatick\u00e9 zm\u011bny<\/em><span style=\"font-size: 14px;\">. 2008. Filosofia 2018.<\/span><\/p>\n<p>Dennis T. Gozales. <a href=\"https:\/\/www.getsemany.cz\/node\/3508\">Ekologick\u00e9 skutky milosrdenstv\u00ed.<\/a> <em>Getsemany<\/em> 301, \u00fanor 2018.<\/p>\n<p>Sv\u011btla Hanke Jaro\u0161ov\u00e1. <a href=\"https:\/\/www.zitlaudatosi.cz\/index.php\/texty\/spolecne-chvalit-stvoritele\/\">Spole\u010dn\u011b chv\u00e1lit Stvo\u0159itele.<\/a> <em>Katolick\u00fd t\u00fdden\u00edk<\/em> 2018\/36, <a href=\"https:\/\/www.zitlaudatosi.cz\/wp-content\/uploads\/2019\/01\/shj-kt-1.pdf\">Perspektivy, s. 7<\/a>.<\/p>\n<p>Sv\u011btla Hanke Jaro\u0161ov\u00e1. <a href=\"https:\/\/www.zitlaudatosi.cz\/index.php\/texty\/modlit-se-a-jednat-solidarne\/\">Modlit se a jednat solid\u00e1rn\u011b<\/a>. <em>Katolick\u00fd t\u00fdden\u00edk<\/em> 2019\/24, Perspektivy, s. 7.<\/p>\n<p>Sv\u011btla Hanke Jaro\u0161ov\u00e1. <a href=\"https:\/\/zpravy.proglas.cz\/udalosti\/predlozit-starost-o-zubozovany-svet-bohu-jako-modlitbu\/\">P\u0159edlo\u017eit starost o zubo\u017eovan\u00fd sv\u011bt p\u0159ed Boha jako modlitbu<\/a>. Proglas, 22. 5. 2020.\u00a0<\/p>\n<p>[\/et_pb_text][\/et_pb_column][\/et_pb_row][et_pb_row _builder_version=&#8220;4.19.4&#8243; _module_preset=&#8220;default&#8220; global_colors_info=&#8220;{}&#8220;][et_pb_column type=&#8220;4_4&#8243; _builder_version=&#8220;4.19.4&#8243; _module_preset=&#8220;default&#8220; global_colors_info=&#8220;{}&#8220;][et_pb_text _builder_version=&#8220;4.19.4&#8243; _module_preset=&#8220;default&#8220; min_height=&#8220;48.4px&#8220; custom_padding=&#8220;0px|||||&#8220; global_colors_info=&#8220;{}&#8220;]<\/p>\n<p>Sv\u011btla Hanke Jaro\u0161ov\u00e1. <a href=\"https:\/\/denikreferendum.cz\/clanek\/32598-vira-a-zodpovednost-k-planete-zamysleni-nad-smyslem-iniciativy-zit-laudato-si\">V\u00edra a zodpov\u011bdnost k planet\u011b. Zamy\u0161len\u00ed nad smyslem iniciativy \u017d\u00edt Laudato si&#8216;<\/a>. Den\u00edk Referendum, 19. 4. 2021.<\/p>\n<p>Thomas Moritz. <a href=\"https:\/\/www.zitlaudatosi.cz\/index.php\/texty\/the-extinction-crisis-transubstantiation-and-praying-for-a-miracle\/\">The Extinction Crisis, Transubstantiation and Praying for a Miracle<\/a>. Pozd\u011bji publikov\u00e1no n\u011bmecky na\u00a0<a href=\"http:\/\/klimagebet.easyname.website\/perspektiven\">http:\/\/klimagebet.easyname.website\/perspektiven<\/a><\/p>\n<p>[\/et_pb_text][\/et_pb_column][\/et_pb_row][et_pb_row column_structure=&#8220;3_4,1_4&#8243; _builder_version=&#8220;4.16&#8243; custom_padding=&#8220;0|0px|4px|0px|false|false&#8220; global_colors_info=&#8220;{}&#8220;][et_pb_column type=&#8220;3_4&#8243; _builder_version=&#8220;4.16&#8243; custom_padding=&#8220;|||&#8220; global_colors_info=&#8220;{}&#8220; custom_padding__hover=&#8220;|||&#8220;][et_pb_text _builder_version=&#8220;4.16&#8243; global_colors_info=&#8220;{}&#8220;][\/et_pb_text][\/et_pb_column][et_pb_column type=&#8220;1_4&#8243; _builder_version=&#8220;4.16&#8243; custom_padding=&#8220;|||&#8220; global_colors_info=&#8220;{}&#8220; custom_padding__hover=&#8220;|||&#8220;][\/et_pb_column][\/et_pb_row][\/et_pb_section]<\/p>\n","protected":false},"excerpt":{"rendered":"<p>Projev pape\u017ee Franti\u0161ka k \u00fa\u010dastn\u00edk\u016fm konference u p\u0159\u00edle\u017eitosti t\u0159et\u00edho v\u00fdro\u010d\u00ed vyd\u00e1n\u00ed encykliky Laudato si&#8216; 6. \u010dervence 2018 Benedikt XVI., Poselstv\u00ed k sv\u011btov\u00e9mu dni m\u00edru 2010, &#8222;Chcete-li d\u00e1t vyr\u016fst m\u00edru, chra\u0148te stvo\u0159en\u00ed.&#8220; Hana Librov\u00e1. Pest\u0159\u00ed a zelen\u00ed. Kapitoly o dobrovoln\u00e9 skromnosti. VERONICA a Hnut\u00ed DUHA: Brno, 1994. P. Milo\u0161 Franti\u0161ek P\u0159evr\u00e1til. M\u011bli by k\u0159es\u0165an\u00e9 \u017e\u00edt ekologicky? [&hellip;]<\/p>\n","protected":false},"author":1,"featured_media":0,"parent":0,"menu_order":0,"comment_status":"closed","ping_status":"closed","template":"","meta":{"_et_pb_use_builder":"on","_et_pb_old_content":"","_et_gb_content_width":""},"_links":{"self":[{"href":"https:\/\/www.zitlaudatosi.cz\/index.php\/wp-json\/wp\/v2\/pages\/464"}],"collection":[{"href":"https:\/\/www.zitlaudatosi.cz\/index.php\/wp-json\/wp\/v2\/pages"}],"about":[{"href":"https:\/\/www.zitlaudatosi.cz\/index.php\/wp-json\/wp\/v2\/types\/page"}],"author":[{"embeddable":true,"href":"https:\/\/www.zitlaudatosi.cz\/index.php\/wp-json\/wp\/v2\/users\/1"}],"replies":[{"embeddable":true,"href":"https:\/\/www.zitlaudatosi.cz\/index.php\/wp-json\/wp\/v2\/comments?post=464"}],"version-history":[{"count":44,"href":"https:\/\/www.zitlaudatosi.cz\/index.php\/wp-json\/wp\/v2\/pages\/464\/revisions"}],"predecessor-version":[{"id":3229,"href":"https:\/\/www.zitlaudatosi.cz\/index.php\/wp-json\/wp\/v2\/pages\/464\/revisions\/3229"}],"wp:attachment":[{"href":"https:\/\/www.zitlaudatosi.cz\/index.php\/wp-json\/wp\/v2\/media?parent=464"}],"curies":[{"name":"wp","href":"https:\/\/api.w.org\/{rel}","templated":true}]}}

<p>[et_pb_section fb_built=&#8220;1&#8243; _builder_version=&#8220;4.16&#8243; global_colors_info=&#8220;{}&#8220;][et_pb_row _builder_version=&#8220;4.16&#8243; custom_padding=&#8220;24px|0px|2px|0px|false|false&#8220; global_colors_info=&#8220;{}&#8220;][et_pb_column type=&#8220;4_4&#8243; _builder_version=&#8220;4.16&#8243; custom_padding=&#8220;|||&#8220; global_colors_info=&#8220;{}&#8220; custom_padding__hover=&#8220;|||&#8220;][et_pb_text _builder_version=&#8220;4.19.4&#8243; global_colors_info=&#8220;{}&#8220;]</p>
<p><span style="display: inline !important; float: none; background-color: transparent; color: #666666; cursor: text; font-family: 'Open Sans',Arial,sans-serif; font-size: 14px; font-style: normal; font-variant: normal; font-weight: 500; letter-spacing: normal; -ms-text-size-adjust: auto; orphans: 2; text-align: left; text-decoration: none; text-indent: 0px; text-transform: none; -webkit-text-stroke-width: 0px; white-space: normal; word-spacing: 0px;"><a href="https://www.zitlaudatosi.cz/wp-content/uploads/2019/01/projev-2018-07-06.pdf">Projev papeže Františka</a> k účastníkům konference u příležitosti třetího výročí vydání encykliky <em>Laudato si&#8216;</em> 6. července 2018</span></p>
<p>Benedikt XVI., Poselství k světovému dni míru 2010, <a href="https://www.zitlaudatosi.cz/index.php/poselstvi-benedikta-xvi/">&#8222;Chcete-li dát vyrůst míru, chraňte stvoření.&#8220;</a><span style="display: inline !important; float: none; background-color: transparent; color: #666666; cursor: text; font-family: 'Open Sans',Arial,sans-serif; font-size: 14px; font-style: normal; font-variant: normal; font-weight: 500; letter-spacing: normal; -ms-text-size-adjust: auto; orphans: 2; text-align: left; text-decoration: none; text-indent: 0px; text-transform: none; -webkit-text-stroke-width: 0px; white-space: normal; word-spacing: 0px;"></span></p>
<p><span style="display: inline !important; float: none; background-color: transparent; color: #666666; cursor: text; font-family: 'Open Sans',Arial,sans-serif; font-size: 14px; font-style: normal; font-variant: normal; font-weight: 500; letter-spacing: normal; -ms-text-size-adjust: auto; orphans: 2; text-align: left; text-decoration: none; text-indent: 0px; text-transform: none; -webkit-text-stroke-width: 0px; white-space: normal; word-spacing: 0px;"></span></p>
<p>[/et_pb_text][/et_pb_column][/et_pb_row][et_pb_row column_structure=&#8220;3_4,1_4&#8243; _builder_version=&#8220;4.16&#8243; custom_padding=&#8220;14px|0px|4px|0px|false|false&#8220; global_colors_info=&#8220;{}&#8220;][et_pb_column type=&#8220;3_4&#8243; _builder_version=&#8220;4.16&#8243; custom_padding=&#8220;|||&#8220; global_colors_info=&#8220;{}&#8220; custom_padding__hover=&#8220;|||&#8220;][et_pb_text _builder_version=&#8220;4.16&#8243; global_colors_info=&#8220;{}&#8220;]</p>
<p>Hana Librová. <em>Pestří a zelení. Kapitoly o dobrovolné skromnosti</em>. VERONICA a Hnutí DUHA: Brno, 1994.</p>
<p>P. Miloš František Převrátil. <a href="https://www.katyd.cz/tema/meli-by-krestane-zit-ekologicky.html">Měli by křesťané žít ekologicky?</a> <em>Katolický týdeník</em> 2004/40, rozhovor.</p>
<p><span>Kateřina Březová. </span><a href="https://brezova.blog.idnes.cz/blog.aspx?c=208566">Ekoteologie. Křesťanství jako naděje pro řešení ekologické krize</a><span>. iDnes.cz 4. 9. 2011.</span></p>
<p>Bill McKibben. <em>Zeemě. Jak přežít na naší nové nehostinné planetě</em>. Paseka: Praha, 2013.</p>
<p>Marek Vácha. <em>Tváří v tváře zemi: Inspirováno Plejádami, Orionem a encyklikou Laudato si&#8216;</em>. Brno, 2016.</p>
<p>&nbsp;</p>
<p>[/et_pb_text][/et_pb_column][et_pb_column type=&#8220;1_4&#8243; _builder_version=&#8220;4.16&#8243; custom_padding=&#8220;|||&#8220; global_colors_info=&#8220;{}&#8220; custom_padding__hover=&#8220;|||&#8220;][et_pb_image src=&#8220;https://www.zitlaudatosi.cz/wp-content/uploads/2019/01/smíření.jpg&#8220; align=&#8220;center&#8220; align_tablet=&#8220;center&#8220; align_phone=&#8220;center&#8220; align_last_edited=&#8220;on|desktop&#8220; _builder_version=&#8220;4.16&#8243; global_colors_info=&#8220;{}&#8220;][/et_pb_image][/et_pb_column][/et_pb_row][et_pb_row column_structure=&#8220;1_4,3_4&#8243; _builder_version=&#8220;4.16&#8243; custom_padding=&#8220;4px|0px|13px|0px|false|false&#8220; global_colors_info=&#8220;{}&#8220;][et_pb_column type=&#8220;1_4&#8243; _builder_version=&#8220;4.16&#8243; custom_padding=&#8220;|||&#8220; global_colors_info=&#8220;{}&#8220; custom_padding__hover=&#8220;|||&#8220;][et_pb_image src=&#8220;https://www.zitlaudatosi.cz/wp-content/uploads/2019/01/vegetables.jpg&#8220; align_tablet=&#8220;center&#8220; align_phone=&#8220;center&#8220; align_last_edited=&#8220;on|desktop&#8220; _builder_version=&#8220;4.16&#8243; global_colors_info=&#8220;{}&#8220;]&nbsp;<br />
[/et_pb_image][/et_pb_column][et_pb_column type=&#8220;3_4&#8243; _builder_version=&#8220;4.16&#8243; custom_padding=&#8220;|||&#8220; global_colors_info=&#8220;{}&#8220; custom_padding__hover=&#8220;|||&#8220;][et_pb_text _builder_version=&#8220;4.16&#8243; custom_margin=&#8220;-13px||-4px|||&#8220; custom_padding=&#8220;0px||18px|||&#8220; global_colors_info=&#8220;{}&#8220;]</p>
<p><span style="font-size: 14px;">James Garvey. </span><em style="font-size: 14px;">Etika klimatické změny</em><span style="font-size: 14px;">. 2008. Filosofia 2018.</span></p>
<p>Dennis T. Gozales. <a href="https://www.getsemany.cz/node/3508">Ekologické skutky milosrdenství.</a> <em>Getsemany</em> 301, únor 2018.</p>
<p>Světla Hanke Jarošová. <a href="https://www.zitlaudatosi.cz/index.php/texty/spolecne-chvalit-stvoritele/">Společně chválit Stvořitele.</a> <em>Katolický týdeník</em> 2018/36, <a href="https://www.zitlaudatosi.cz/wp-content/uploads/2019/01/shj-kt-1.pdf">Perspektivy, s. 7</a>.</p>
<p>Světla Hanke Jarošová. <a href="https://www.zitlaudatosi.cz/index.php/texty/modlit-se-a-jednat-solidarne/">Modlit se a jednat solidárně</a>. <em>Katolický týdeník</em> 2019/24, Perspektivy, s. 7.</p>
<p>Světla Hanke Jarošová. <a href="https://zpravy.proglas.cz/udalosti/predlozit-starost-o-zubozovany-svet-bohu-jako-modlitbu/">Předložit starost o zubožovaný svět před Boha jako modlitbu</a>. Proglas, 22. 5. 2020. </p>
<p>[/et_pb_text][/et_pb_column][/et_pb_row][et_pb_row _builder_version=&#8220;4.19.4&#8243; _module_preset=&#8220;default&#8220; global_colors_info=&#8220;{}&#8220;][et_pb_column type=&#8220;4_4&#8243; _builder_version=&#8220;4.19.4&#8243; _module_preset=&#8220;default&#8220; global_colors_info=&#8220;{}&#8220;][et_pb_text _builder_version=&#8220;4.19.4&#8243; _module_preset=&#8220;default&#8220; min_height=&#8220;48.4px&#8220; custom_padding=&#8220;0px|||||&#8220; global_colors_info=&#8220;{}&#8220;]</p>
<p>Světla Hanke Jarošová. <a href="https://denikreferendum.cz/clanek/32598-vira-a-zodpovednost-k-planete-zamysleni-nad-smyslem-iniciativy-zit-laudato-si">Víra a zodpovědnost k planetě. Zamyšlení nad smyslem iniciativy Žít Laudato si&#8216;</a>. Deník Referendum, 19. 4. 2021.</p>
<p>Thomas Moritz. <a href="https://www.zitlaudatosi.cz/index.php/texty/the-extinction-crisis-transubstantiation-and-praying-for-a-miracle/">The Extinction Crisis, Transubstantiation and Praying for a Miracle</a>. Později publikováno německy na <a href="http://klimagebet.easyname.website/perspektiven">http://klimagebet.easyname.website/perspektiven</a></p>
<p>[/et_pb_text][/et_pb_column][/et_pb_row][et_pb_row column_structure=&#8220;3_4,1_4&#8243; _builder_version=&#8220;4.16&#8243; custom_padding=&#8220;0|0px|4px|0px|false|false&#8220; global_colors_info=&#8220;{}&#8220;][et_pb_column type=&#8220;3_4&#8243; _builder_version=&#8220;4.16&#8243; custom_padding=&#8220;|||&#8220; global_colors_info=&#8220;{}&#8220; custom_padding__hover=&#8220;|||&#8220;][et_pb_text _builder_version=&#8220;4.16&#8243; global_colors_info=&#8220;{}&#8220;][/et_pb_text][/et_pb_column][et_pb_column type=&#8220;1_4&#8243; _builder_version=&#8220;4.16&#8243; custom_padding=&#8220;|||&#8220; global_colors_info=&#8220;{}&#8220; custom_padding__hover=&#8220;|||&#8220;][/et_pb_column][/et_pb_row][/et_pb_section]</p>

<p>Projev papeže Františka k účastníkům konference u příležitosti třetího výročí vydání encykliky Laudato si&#8216; 6. července 2018 Benedikt XVI., Poselství k světovému dni míru 2010, &#8222;Chcete-li dát vyrůst míru, chraňte stvoření.&#8220; Hana Librová. Pestří a zelení. Kapitoly o dobrovolné skromnosti. VERONICA a Hnutí DUHA: Brno, 1994. P. Miloš František Převrátil. Měli by křesťané žít ekologicky? [&hellip;]</p>
