{"id":330,"date":"2018-12-26T19:24:58","date_gmt":"2018-12-26T19:24:58","guid":{"rendered":"http:\/\/www.zitlaudatosi.cz\/?page_id=330"},"modified":"2023-01-11T19:05:16","modified_gmt":"2023-01-11T19:05:16","slug":"zapojte-se","status":"publish","type":"page","link":"https:\/\/www.zitlaudatosi.cz\/index.php\/zapojte-se\/","title":{"rendered":"Zapojte se"},"content":{"rendered":"<p>[et_pb_section fb_built=&#8220;1&#8243; _builder_version=&#8220;4.16&#8243; global_colors_info=&#8220;{}&#8220;][et_pb_row column_structure=&#8220;1_4,3_4&#8243; _builder_version=&#8220;4.16&#8243; custom_padding=&#8220;||3px|||&#8220; global_colors_info=&#8220;{}&#8220;][et_pb_column type=&#8220;1_4&#8243; _builder_version=&#8220;4.16&#8243; custom_padding=&#8220;|||&#8220; global_colors_info=&#8220;{}&#8220; custom_padding__hover=&#8220;|||&#8220;][et_pb_image src=&#8220;https:\/\/www.zitlaudatosi.cz\/wp-content\/uploads\/2018\/12\/praying-31126.png&#8220; show_bottom_space=&#8220;off&#8220; align=&#8220;center&#8220; align_tablet=&#8220;center&#8220; align_phone=&#8220;&#8220; align_last_edited=&#8220;on|desktop&#8220; _builder_version=&#8220;4.16&#8243; max_width=&#8220;52%&#8220; module_alignment=&#8220;center&#8220; global_colors_info=&#8220;{}&#8220;][\/et_pb_image][\/et_pb_column][et_pb_column type=&#8220;3_4&#8243; _builder_version=&#8220;4.16&#8243; custom_padding=&#8220;|||&#8220; global_colors_info=&#8220;{}&#8220; custom_padding__hover=&#8220;|||&#8220;][et_pb_text _builder_version=&#8220;4.16&#8243; inline_fonts=&#8220;Verdana&#8220; global_colors_info=&#8220;{}&#8220;]<\/p>\n<p><span style=\"color: #21a01b; font-size: medium;\">Chcete-li se spolu s\u00a0n\u00e1mi \u00fa\u010dastnit procesu ekologick\u00e9ho obr\u00e1cen\u00ed v\u00a0\u010cesk\u00e9 republice:<\/span><\/p>\n<p><span style=\"margin: 0px; line-height: 115%; font-family: 'Calibri','sans-serif'; font-size: 16pt;\"><span style=\"color: #000000;\">1. Pomodlete se K\u0159es\u0165anskou modlitbu v jednot\u011b se stvo\u0159en\u00edm.<\/span><\/span><\/p>\n<p><span style=\"font-size: medium;\"><strong><span style=\"margin: 0px; line-height: 115%; font-family: 'Calibri','sans-serif';\"><span style=\"color: #000000;\">Pape\u017e Franti\u0161ek vydal <a href=\"https:\/\/www.zitlaudatosi.cz\/wp-content\/uploads\/2019\/04\/v-jednot\u011b-se-stvo\u0159en\u00edm-1.pdf\">tuto troji\u010dn\u00ed modlitbu<\/a> jako sou\u010d\u00e1st\u00a0encykliky Laudato si\u2018 a je ur\u010dena pro k\u0159es\u0165any, aby prosili o inspiraci k\u00a0p\u0159ijet\u00ed odpov\u011bdnosti v\u016f\u010di stvo\u0159en\u00e9mu sv\u011btu, jak n\u00e1m ji ukl\u00e1d\u00e1 evangelium Je\u017e\u00ed\u0161e Krista. Dal\u0161\u00edmi vhodn\u00fdmi ka\u017edodenn\u00edmi kroky jsou <a href=\"https:\/\/www.zitlaudatosi.cz\/wp-content\/uploads\/2018\/12\/za-na\u0161i-zemi.pdf\">Modlitba za na\u0161i zemi<\/a>, tak\u00e9 od pape\u017ee Franti\u0161ka, a <a href=\"https:\/\/www.zitlaudatosi.cz\/wp-content\/uploads\/2019\/02\/ekologick\u00fd-examen.pdf\">ekologick\u00fd examen<\/a>. <\/span><\/span><\/strong><strong><span style=\"margin: 0px; line-height: 115%; font-family: 'Calibri','sans-serif';\"><span style=\"color: #000000;\">Chcete-li\u00a0s\u00a0n\u00e1mi z\u016fstat v\u00a0kontaktu, p\u0159ihlaste se k odb\u011bru novinek <a href=\"https:\/\/www.zitlaudatosi.cz\/\">na \u00favodn\u00ed stran\u011b<\/a>.<\/span><\/span><\/strong><\/span><\/p>\n<p>[\/et_pb_text][\/et_pb_column][\/et_pb_row][et_pb_row column_structure=&#8220;3_4,1_4&#8243; _builder_version=&#8220;4.16&#8243; custom_padding=&#8220;28px|0px|15px|0px|false|false&#8220; global_colors_info=&#8220;{}&#8220;][et_pb_column type=&#8220;3_4&#8243; _builder_version=&#8220;4.16&#8243; custom_padding=&#8220;|||&#8220; global_colors_info=&#8220;{}&#8220; custom_padding__hover=&#8220;|||&#8220;][et_pb_text _builder_version=&#8220;4.16&#8243; global_colors_info=&#8220;{}&#8220;]<\/p>\n<p><span style=\"margin: 0px; line-height: 115%; font-family: 'Calibri','sans-serif'; font-size: 16pt;\"><span style=\"color: #000000;\">2. Pro\u017eijte vztah k\u00a0uk\u0159i\u017eovan\u00e9mu Kristu.<\/span><\/span><\/p>\n<p><span style=\"font-size: medium;\"><strong><span style=\"margin: 0px; line-height: 115%; font-family: 'Calibri','sans-serif';\"><span style=\"color: #000000;\">V\u00a0n\u011bm a skrze n\u011bj trp\u00ed a\u00a0st\u00e9n\u00e1 tak\u00e9 lidskou ziskuchtivost\u00ed a\u00a0touhou po moci mrza\u010den\u00fd p\u0159\u00edrodn\u00ed sv\u011bt. Vhodn\u00fdm n\u00e1strojem k\u00a0tomu m\u016f\u017ee b\u00fdt <a href=\"https:\/\/www.zitlaudatosi.cz\/wp-content\/uploads\/2021\/03\/k\u0159\u00ed\u017eov\u00e1-cesta.pdf\">k\u0159\u00ed\u017eov\u00e1 cesta ekologick\u00e9ho obr\u00e1cen\u00ed<\/a> dopln\u011bn\u00e1 cit\u00e1ty z\u00a0my\u0161lenek svat\u00e9ho pape\u017ee Jana Pavla II. Budeme vd\u011b\u010dni, kdy\u017e se ji pomodl\u00edte soukrom\u011b, a je\u0161t\u011b vd\u011b\u010dn\u011bj\u0161\u00ed, kdy\u017e se ji budete modlit ve\u0159ejn\u011b v\u00a0r\u00e1mci pravideln\u00fdch postn\u00edch k\u0159\u00ed\u017eov\u00fdch cest ve va\u0161\u00ed farnosti. A budeme moc r\u00e1di, kdy\u017e n\u00e1m o tom d\u00e1te v\u011bd\u011bt.<\/span><\/span><\/strong><\/span><\/p>\n<p><span style=\"font-size: medium;\"><strong><span style=\"margin: 0px; line-height: 115%; font-family: 'Calibri','sans-serif';\"><span style=\"color: #000000;\"><\/span><\/span><\/strong><\/span><\/p>\n<p><span style=\"font-size: medium;\"><strong><span style=\"margin: 0px; line-height: 115%; font-family: 'Calibri','sans-serif';\"><span style=\"color: #000000;\"><\/span><\/span><\/strong><\/span><span style=\"margin: 0px; line-height: 115%; font-family: 'Calibri','sans-serif'; font-size: 16pt;\"><span style=\"color: #000000;\">3. Pozv\u011bte dal\u0161\u00ed lidi k\u00a0pravideln\u00e9mu setk\u00e1v\u00e1n\u00ed.<\/span><\/span><\/p>\n<p><span style=\"font-size: medium;\"><strong><span style=\"margin: 0px; line-height: 115%; font-family: Calibri, 'sans-serif';\"><span style=\"color: #000000;\">Budete-li se pravideln\u011b setk\u00e1vat s\u00a0lidmi, kte\u0159\u00ed Va\u0161i starost o ohro\u017een\u00fd sv\u011bt a touhu propojovat ji se svou v\u00edrou sd\u00edlej\u00ed, budete se moci na cest\u011b ekologick\u00e9ho obr\u00e1cen\u00ed vz\u00e1jemn\u011b podporovat a spole\u010dn\u011b hledat zp\u016fsoby \u017eivota, kter\u00e9 jsou v\u00a0souladu s\u00a0Bo\u017e\u00edm stvo\u0159itelsk\u00fdm z\u00e1m\u011brem. N\u011bkolik n\u00e1vrh\u016f na organizaci a strukturu pravideln\u00fdch setk\u00e1n\u00ed najdete na str\u00e1nce <a href=\"https:\/\/www.zitlaudatosi.cz\/index.php\/spolecenstvi\/\">Spole\u010denstv\u00ed<\/a>. Pokud spole\u010denstv\u00ed, kter\u00e9 se pravideln\u011b setk\u00e1v\u00e1, vytvo\u0159\u00edte, dejte n\u00e1m<\/span><\/span><\/strong><\/span><span style=\"font-size: medium;\"><strong><span style=\"margin: 0px; line-height: 115%; font-family: Calibri, 'sans-serif';\"><span style=\"color: #000000;\">\u00a0o tom v\u011bd\u011bt.<\/span><\/span><\/strong><\/span><\/p>\n<p><span style=\"font-size: medium;\"><strong><span style=\"margin: 0px; line-height: 115%; font-family: Calibri, 'sans-serif';\"><span style=\"color: #000000;\"><\/span><\/span><\/strong><\/span><\/p>\n<p><span style=\"margin: 0px; line-height: 115%; font-family: 'Calibri','sans-serif'; font-size: 16pt;\"><span style=\"color: #000000;\">4. P\u0159ipojte se k na\u0161im m\u011bs\u00ed\u010dn\u00edm modlitebn\u00edm \u00famysl\u016fm.<\/span><\/span><\/p>\n<p>[\/et_pb_text][\/et_pb_column][et_pb_column type=&#8220;1_4&#8243; _builder_version=&#8220;4.16&#8243; custom_padding=&#8220;|||&#8220; global_colors_info=&#8220;{}&#8220; custom_padding__hover=&#8220;|||&#8220;][et_pb_image src=&#8220;https:\/\/www.zitlaudatosi.cz\/wp-content\/uploads\/2018\/12\/k\u0159\u00ed\u017e.png&#8220; align_tablet=&#8220;center&#8220; align_phone=&#8220;&#8220; align_last_edited=&#8220;on|desktop&#8220; admin_label=&#8220;k\u0159\u00ed\u017e&#8220; _builder_version=&#8220;4.16&#8243; global_colors_info=&#8220;{}&#8220;][\/et_pb_image][\/et_pb_column][\/et_pb_row][et_pb_row _builder_version=&#8220;4.16&#8243; custom_padding=&#8220;0|0px|24px|0px|false|false&#8220; global_colors_info=&#8220;{}&#8220;][et_pb_column type=&#8220;4_4&#8243; _builder_version=&#8220;4.16&#8243; custom_padding=&#8220;|||&#8220; global_colors_info=&#8220;{}&#8220; custom_padding__hover=&#8220;|||&#8220;][et_pb_text _builder_version=&#8220;4.16&#8243; custom_margin=&#8220;14px||4px|||&#8220; global_colors_info=&#8220;{}&#8220; min_height=&#8220;126.8px&#8220;]<\/p>\n<p><span style=\"font-size: medium;\"><strong><span style=\"margin: 0px; line-height: 115%; font-family: 'Calibri','sans-serif';\"><span style=\"color: #000000;\">Rozhodnete-li se s\u00a0n\u00e1mi sd\u00edlet <a href=\"https:\/\/www.zitlaudatosi.cz\/wp-content\/uploads\/2022\/09\/umysly-2021-2022.pdf\">na\u0161e modlitebn\u00ed \u00famysly<\/a> a\u00a0podpo\u0159it je pravidelnou modlitbou nebo postem, budeme vd\u011b\u010dni, kdy\u017e n\u00e1m o tom d\u00e1te v\u011bd\u011bt. Pokud u\u017e se pravideln\u011b modl\u00edte (nap\u0159. denn\u011b \u010dtete kapitolu z\u00a0Bible a recitujete Apo\u0161tolsk\u00e9 vyzn\u00e1n\u00ed v\u00edry) a\/nebo post\u00edte (nap\u0159. j\u00edte maso ne v\u00edc ne\u017e jednou t\u00fddn\u011b a ml\u00e9\u010dn\u00e9 v\u00fdrobky \u010di vejce ne v\u00edc ne\u017e jednou denn\u011b), nen\u00ed t\u0159eba modlit \u010di postit se v\u00edc, \u00famysly m\u016f\u017eete p\u0159ipojit k\u00a0sv\u00e9mu st\u00e1vaj\u00edc\u00edmu z\u00e1vazku. \u00damysly jsou na ka\u017ed\u00fd m\u011bs\u00edc dva, z\u00a0toho jeden za \u201ena\u0161e farn\u00ed spole\u010denstv\u00ed\u201c a jeden v\u0161eobecn\u00fd. Pokud se rozhodnete na tyto \u00famysly modlit nebo postit Vy, budete se modlit \u010di postit za to farn\u00ed spole\u010denstv\u00ed, k\u00a0n\u011bmu\u017e n\u00e1le\u017e\u00edte. Pokud farnost, v\u00a0n\u00ed\u017e \u017eijete, p\u0159ipravuje vlastn\u00ed ned\u011bln\u00ed p\u0159\u00edmluvy, budeme vd\u011b\u010dni, kdy\u017e domluv\u00edte zapojen\u00ed t\u011bchto \u00famysl\u016f do farn\u00edch p\u0159\u00edmluv, nap\u0159. ka\u017edou druhou ned\u011bli v\u00a0m\u011bs\u00edci, a d\u00e1te n\u00e1m o tom v\u011bd\u011bt.<\/span><\/span><\/strong><\/span><\/p>\n<p>[\/et_pb_text][et_pb_divider show_divider=&#8220;off&#8220; _builder_version=&#8220;4.19.4&#8243; _module_preset=&#8220;default&#8220; custom_margin=&#8220;||-10px|||&#8220; global_colors_info=&#8220;{}&#8220;][\/et_pb_divider][\/et_pb_column][\/et_pb_row][et_pb_row column_structure=&#8220;1_4,3_4&#8243; _builder_version=&#8220;4.16&#8243; custom_padding=&#8220;27px|0px|24px|0px|false|false&#8220; global_colors_info=&#8220;{}&#8220;][et_pb_column type=&#8220;1_4&#8243; _builder_version=&#8220;4.16&#8243; custom_padding=&#8220;|||&#8220; global_colors_info=&#8220;{}&#8220; custom_padding__hover=&#8220;|||&#8220;][et_pb_divider show_divider=&#8220;off&#8220; _builder_version=&#8220;4.19.4&#8243; _module_preset=&#8220;default&#8220; global_colors_info=&#8220;{}&#8220;][\/et_pb_divider][et_pb_divider show_divider=&#8220;off&#8220; _builder_version=&#8220;4.19.4&#8243; _module_preset=&#8220;default&#8220; global_colors_info=&#8220;{}&#8220;][\/et_pb_divider][et_pb_image src=&#8220;https:\/\/www.zitlaudatosi.cz\/wp-content\/uploads\/2018\/12\/panagia-1608506-1.jpg&#8220; align_tablet=&#8220;center&#8220; align_phone=&#8220;&#8220; align_last_edited=&#8220;on|desktop&#8220; _builder_version=&#8220;4.16&#8243; global_colors_info=&#8220;{}&#8220;][\/et_pb_image][\/et_pb_column][et_pb_column type=&#8220;3_4&#8243; _builder_version=&#8220;4.16&#8243; custom_padding=&#8220;|||&#8220; global_colors_info=&#8220;{}&#8220; custom_padding__hover=&#8220;|||&#8220;][et_pb_text _builder_version=&#8220;4.16&#8243; global_colors_info=&#8220;{}&#8220;]<\/p>\n<p><span style=\"margin: 0px; line-height: 115%; font-family: 'Calibri','sans-serif'; font-size: 16pt;\"><span style=\"color: #000000;\">5. Uspo\u0159\u00e1dejte ve sv\u00e9 farnosti oslavu Doby stvo\u0159en\u00ed.<\/span><\/span><\/p>\n<p><span style=\"font-size: medium;\"><strong><span style=\"margin: 0px; line-height: 115%; font-family: 'Calibri','sans-serif';\"><span style=\"color: #000000;\">Z\u00e1rove\u0148 s vyd\u00e1n\u00edm encykliky Laudato si&#8216; vyhl\u00e1sil pape\u017e Franti\u0161ek 1. z\u00e1\u0159\u00ed za Den modliteb za p\u00e9\u010di o stvo\u0159en\u00ed. T\u00edmto dnem za\u010d\u00edn\u00e1 n\u011bkolikat\u00fddenn\u00ed obdob\u00ed naz\u00fdvan\u00e9 Doba stvo\u0159en\u00ed, kter\u00e9 se od roku 2001 slav\u00ed v \u0159ad\u011b k\u0159es\u0165ansk\u00fdch c\u00edrkv\u00ed, od roku 2019 jej pape\u017e Franti\u0161ek doporu\u010duje k slaven\u00ed v Katolick\u00e9 c\u00edrkvi a trv\u00e1 a\u017e do sv\u00e1tku svat\u00e9ho Franti\u0161ka 4. \u0159\u00edjna. T\u00e9ma roku 2020 bylo &#8222;Milostiv\u00fd rok pro Zemi&#8220;, co\u017e navazuje na dlouhou k\u0159es\u0165anskou tradici &#8222;milostiv\u00fdch let&#8220; jako \u010dasu obnovy a n\u00e1pravy vztah\u016f. T\u00e9matem roku 2021 bylo &#8222;Domov pro v\u0161echny? Obnovit Bo\u017e\u00ed oikos&#8220;, t\u00e9matem roku 2022 bylo &#8222;Naslouchejte hlasu stvo\u0159en\u00ed&#8220;. P\u0159\u00edle\u017eitost oslavit Dobu stvo\u0159en\u00ed ve farnosti spole\u010dn\u011b je ka\u017edou z\u00e1\u0159ijovou ned\u011bli a tak\u00e9 o sv\u00e1tku svat\u00e9ho Franti\u0161ka. M\u016f\u017eete nab\u00eddnout sv\u00e9mu duchovn\u00edmu spr\u00e1vci me\u0161n\u00ed <a href=\"https:\/\/www.zitlaudatosi.cz\/wp-content\/uploads\/2019\/08\/Laudato-si-mass-CZ.doc\">texty pro slaven\u00ed liturgie v duchu Laudato si&#8216;<\/a> a dohodnout se, \u017ee po m\u0161i svat\u00e9 pozvete p\u0159\u00edtomn\u00e9 k setk\u00e1n\u00ed, p\u0159i n\u011bm\u017e jim p\u0159edstav\u00edte ot\u00e1zky vztahu k\u0159es\u0165an\u016f ke stvo\u0159en\u00e9mu sv\u011btu. Oslava by m\u011bla b\u00fdt provedena udr\u017eiteln\u00fdm zp\u016fsobem, s \u00factou k stvo\u0159en\u00e9mu sv\u011btu, nakolik je to mo\u017en\u00e9 z m\u00edstn\u00ed produkce a bez odpadu. Pr\u016fb\u011bh oslavy sv\u011b\u0159ujte do ochrany Matce Bo\u017e\u00ed.\u00a0 <\/span><\/span><\/strong><strong><span style=\"margin: 0px; line-height: 115%; font-family: 'Calibri','sans-serif';\"><span style=\"color: #000000;\">Pape\u017e Franti\u0161ek doporu\u010duje, aby se oslavy konaly\u00a0 ve spolupr\u00e1ci s\u00a0jin\u00fdmi k\u0159es\u0165ansk\u00fdmi c\u00edrkvemi, aby se tak tento den \u201emohl st\u00e1t znamen\u00edm cesty, po n\u00ed\u017e jdou v\u0161ichni k\u0159es\u0165an\u00e9 spole\u010dn\u011b\u201c. Pozv\u011bte tak\u00e9 ty, kdo o sv\u011bt, v\u00a0n\u011bm\u017e spolu \u017eijeme, pe\u010duj\u00ed a sami obvykle do kostela nechod\u00ed, aby mohli nab\u00eddnout sv\u016fj \u00fahel pohledu. Pokud takovou oslavu chyst\u00e1te, dejte n\u00e1m o tom v\u011bd\u011bt a budeme je moci v\u00a0na\u0161ich farnostech p\u0159ipravovat spole\u010dn\u011b.\u00a0<\/span><\/span><\/strong><\/span><\/p>\n<p>[\/et_pb_text][\/et_pb_column][\/et_pb_row][\/et_pb_section]<\/p>\n","protected":false},"excerpt":{"rendered":"<p>Chcete-li se spolu s\u00a0n\u00e1mi \u00fa\u010dastnit procesu ekologick\u00e9ho obr\u00e1cen\u00ed v\u00a0\u010cesk\u00e9 republice: 1. Pomodlete se K\u0159es\u0165anskou modlitbu v jednot\u011b se stvo\u0159en\u00edm. Pape\u017e Franti\u0161ek vydal tuto troji\u010dn\u00ed modlitbu jako sou\u010d\u00e1st\u00a0encykliky Laudato si\u2018 a je ur\u010dena pro k\u0159es\u0165any, aby prosili o inspiraci k\u00a0p\u0159ijet\u00ed odpov\u011bdnosti v\u016f\u010di stvo\u0159en\u00e9mu sv\u011btu, jak n\u00e1m ji ukl\u00e1d\u00e1 evangelium Je\u017e\u00ed\u0161e Krista. Dal\u0161\u00edmi vhodn\u00fdmi ka\u017edodenn\u00edmi kroky jsou [&hellip;]<\/p>\n","protected":false},"author":1,"featured_media":0,"parent":0,"menu_order":0,"comment_status":"closed","ping_status":"closed","template":"","meta":{"_et_pb_use_builder":"on","_et_pb_old_content":"","_et_gb_content_width":""},"_links":{"self":[{"href":"https:\/\/www.zitlaudatosi.cz\/index.php\/wp-json\/wp\/v2\/pages\/330"}],"collection":[{"href":"https:\/\/www.zitlaudatosi.cz\/index.php\/wp-json\/wp\/v2\/pages"}],"about":[{"href":"https:\/\/www.zitlaudatosi.cz\/index.php\/wp-json\/wp\/v2\/types\/page"}],"author":[{"embeddable":true,"href":"https:\/\/www.zitlaudatosi.cz\/index.php\/wp-json\/wp\/v2\/users\/1"}],"replies":[{"embeddable":true,"href":"https:\/\/www.zitlaudatosi.cz\/index.php\/wp-json\/wp\/v2\/comments?post=330"}],"version-history":[{"count":92,"href":"https:\/\/www.zitlaudatosi.cz\/index.php\/wp-json\/wp\/v2\/pages\/330\/revisions"}],"predecessor-version":[{"id":3103,"href":"https:\/\/www.zitlaudatosi.cz\/index.php\/wp-json\/wp\/v2\/pages\/330\/revisions\/3103"}],"wp:attachment":[{"href":"https:\/\/www.zitlaudatosi.cz\/index.php\/wp-json\/wp\/v2\/media?parent=330"}],"curies":[{"name":"wp","href":"https:\/\/api.w.org\/{rel}","templated":true}]}}