{"id":2483,"date":"2021-05-08T06:58:35","date_gmt":"2021-05-08T06:58:35","guid":{"rendered":"https:\/\/www.zitlaudatosi.cz\/?page_id=2483"},"modified":"2021-05-09T07:44:32","modified_gmt":"2021-05-09T07:44:32","slug":"co-se-muzeme-naucit-od-alberta-schweitzera","status":"publish","type":"page","link":"https:\/\/www.zitlaudatosi.cz\/index.php\/spolecenstvi\/online\/co-se-muzeme-naucit-od-alberta-schweitzera\/","title":{"rendered":"Co se m\u016f\u017eeme nau\u010dit od Alberta Schweitzera"},"content":{"rendered":"<p>[et_pb_section fb_built=&#8220;1&#8243; _builder_version=&#8220;3.0.47&#8243;][et_pb_row custom_padding=&#8220;24px|0px|1px|0px|false|false&#8220; _builder_version=&#8220;3.0.48&#8243; background_size=&#8220;initial&#8220; background_position=&#8220;top_left&#8220; background_repeat=&#8220;repeat&#8220;][et_pb_column type=&#8220;4_4&#8243; _builder_version=&#8220;3.0.47&#8243;][et_pb_text _builder_version=&#8220;3.21&#8243; inline_fonts=&#8220;ABeeZee,Georgia&#8220;]<\/p>\n<p style=\"text-align: center;\"><span style=\"font-size: medium; font-family: Verdana; font-weight: normal; color: #d10c33;\">22. kv\u011btna 2021 v 17h srde\u010dn\u011b zveme k online p\u0159edn\u00e1\u0161ce na t\u00e9ma<\/span><\/p>\n<p style=\"text-align: center;\"><span style=\"font-size: large; color: #1ba038;\"><strong><span style=\"font-family: Verdana;\">Co se dnes m\u016f\u017eeme nau\u010dit od Alberta Schweitzera<\/span><\/strong><\/span><\/p>\n<p style=\"text-align: center;\"><span style=\"color: #e09900; font-size: medium;\"><strong><em>p\u0159edn\u00e1\u0161\u00ed Jan Z\u00e1me\u010dn\u00edk<\/em><\/strong><\/span><\/p>\n<p><span style=\"color: #20bf23; font-size: medium; font-family: Verdana;\"><span style=\"background-color: #ffffff;\"><\/span><\/span><\/p>\n<p><span style=\"color: #20bf23; font-size: medium; font-family: Verdana;\"><span style=\"background-color: #ffffff;\"><span>L\u00e9ka\u0159, teolog a hudebn\u00edk Albert Schweitzer (1875\u20131965) ve\u0161el ve zn\u00e1most tak\u00e9 d\u00edky sv\u00e9 my\u0161lence \u201e\u00facty k \u017eivotu\u201c, kterou ch\u00e1pal jako z\u00e1kladn\u00ed princip lidsk\u00e9ho vztahu k p\u0159\u00edrod\u011b. V p\u0159edn\u00e1\u0161ce a diskusi se budeme zab\u00fdvat jeho p\u0159\u00edstupem k \u017eiv\u00fdm tvor\u016fm a p\u0159\u00edrod\u011b v\u016fbec, a tak\u00e9 jeho pohledem na \u010dlov\u011bka a kulturu, kter\u00fd je s jeho environment\u00e1ln\u00edmi d\u016frazy spjat.<\/span><\/span><\/span><\/p>\n<p><span style=\"color: #a32b00; font-family: inherit; font-size: medium; font-weight: normal;\">Jan Z\u00e1me\u010dn\u00edk je environment\u00e1ln\u00ed teolog, spolup\u0159ekladatel knihy <em>Teologie zv\u00ed\u0159at<\/em> Andrewa Linzeye. Vyu\u010duje na kated\u0159e teologick\u00e9 etiky Evangelick\u00e9 teologick\u00e9 fakulty UK a extern\u011b na kated\u0159e environment\u00e1ln\u00edch studi\u00ed Fakulty soci\u00e1ln\u00edch studi\u00ed MU.<\/span><span style=\"font-size: medium; color: #a32b00;\">\u00a0<\/span><\/p>\n<p><span style=\"font-size: medium; color: #d60015;\">P\u0159edn\u00e1\u0161ka se uskute\u010d\u0148uje jako sou\u010d\u00e1st oslav <a href=\"https:\/\/laudatosiweek.org\/events\/\">T\u00fddne Laudato si&#8216; 2021<\/a>.<\/span><span style=\"font-size: medium; color: #a32b00;\"><\/span><\/p>\n<p><span style=\"color: #e09900; font-size: medium;\">K \u00fa\u010dasti nen\u00ed pot\u0159eba se registrovat, p\u0159ipojit se m\u016f\u017eete rozkliknut\u00edm odkazu\u00a0<a href=\"https:\/\/cesnet.zoom.us\/j\/96482367989#success\">Launch Meeting &#8211; Zoom<\/a>, Meeting ID:\u00a0<span>964 8236 7989.<\/span><\/span><\/p>\n<p>[\/et_pb_text][et_pb_image src=&#8220;https:\/\/www.zitlaudatosi.cz\/wp-content\/uploads\/2021\/05\/portrait-albert-Schweitzer-1024&#215;834.jpg&#8220; align=&#8220;center&#8220; _builder_version=&#8220;3.21&#8243;][\/et_pb_image][\/et_pb_column][\/et_pb_row][\/et_pb_section]<\/p>\n","protected":false},"excerpt":{"rendered":"<p>22. kv\u011btna 2021 v 17h srde\u010dn\u011b zveme k online p\u0159edn\u00e1\u0161ce na t\u00e9ma Co se dnes m\u016f\u017eeme nau\u010dit od Alberta Schweitzera p\u0159edn\u00e1\u0161\u00ed Jan Z\u00e1me\u010dn\u00edk L\u00e9ka\u0159, teolog a hudebn\u00edk Albert Schweitzer (1875\u20131965) ve\u0161el ve zn\u00e1most tak\u00e9 d\u00edky sv\u00e9 my\u0161lence \u201e\u00facty k \u017eivotu\u201c, kterou ch\u00e1pal jako z\u00e1kladn\u00ed princip lidsk\u00e9ho vztahu k p\u0159\u00edrod\u011b. V p\u0159edn\u00e1\u0161ce a diskusi se budeme [&hellip;]<\/p>\n","protected":false},"author":1,"featured_media":0,"parent":2434,"menu_order":0,"comment_status":"closed","ping_status":"closed","template":"","meta":{"_et_pb_use_builder":"on","_et_pb_old_content":"","_et_gb_content_width":""},"_links":{"self":[{"href":"https:\/\/www.zitlaudatosi.cz\/index.php\/wp-json\/wp\/v2\/pages\/2483"}],"collection":[{"href":"https:\/\/www.zitlaudatosi.cz\/index.php\/wp-json\/wp\/v2\/pages"}],"about":[{"href":"https:\/\/www.zitlaudatosi.cz\/index.php\/wp-json\/wp\/v2\/types\/page"}],"author":[{"embeddable":true,"href":"https:\/\/www.zitlaudatosi.cz\/index.php\/wp-json\/wp\/v2\/users\/1"}],"replies":[{"embeddable":true,"href":"https:\/\/www.zitlaudatosi.cz\/index.php\/wp-json\/wp\/v2\/comments?post=2483"}],"version-history":[{"count":11,"href":"https:\/\/www.zitlaudatosi.cz\/index.php\/wp-json\/wp\/v2\/pages\/2483\/revisions"}],"predecessor-version":[{"id":2505,"href":"https:\/\/www.zitlaudatosi.cz\/index.php\/wp-json\/wp\/v2\/pages\/2483\/revisions\/2505"}],"up":[{"embeddable":true,"href":"https:\/\/www.zitlaudatosi.cz\/index.php\/wp-json\/wp\/v2\/pages\/2434"}],"wp:attachment":[{"href":"https:\/\/www.zitlaudatosi.cz\/index.php\/wp-json\/wp\/v2\/media?parent=2483"}],"curies":[{"name":"wp","href":"https:\/\/api.w.org\/{rel}","templated":true}]}}

Co se můžeme naučit od Alberta Schweitzera

<p>[et_pb_section fb_built=&#8220;1&#8243; _builder_version=&#8220;3.0.47&#8243;][et_pb_row custom_padding=&#8220;24px|0px|1px|0px|false|false&#8220; _builder_version=&#8220;3.0.48&#8243; background_size=&#8220;initial&#8220; background_position=&#8220;top_left&#8220; background_repeat=&#8220;repeat&#8220;][et_pb_column type=&#8220;4_4&#8243; _builder_version=&#8220;3.0.47&#8243;][et_pb_text _builder_version=&#8220;3.21&#8243; inline_fonts=&#8220;ABeeZee,Georgia&#8220;]</p>
<p style="text-align: center;"><span style="font-size: medium; font-family: Verdana; font-weight: normal; color: #d10c33;">22. května 2021 v 17h srdečně zveme k online přednášce na téma</span></p>
<p style="text-align: center;"><span style="font-size: large; color: #1ba038;"><strong><span style="font-family: Verdana;">Co se dnes můžeme naučit od Alberta Schweitzera</span></strong></span></p>
<p style="text-align: center;"><span style="color: #e09900; font-size: medium;"><strong><em>přednáší Jan Zámečník</em></strong></span></p>
<p><span style="color: #20bf23; font-size: medium; font-family: Verdana;"><span style="background-color: #ffffff;"></span></span></p>
<p><span style="color: #20bf23; font-size: medium; font-family: Verdana;"><span style="background-color: #ffffff;"><span>Lékař, teolog a hudebník Albert Schweitzer (1875–1965) vešel ve známost také díky své myšlence „úcty k životu“, kterou chápal jako základní princip lidského vztahu k přírodě. V přednášce a diskusi se budeme zabývat jeho přístupem k živým tvorům a přírodě vůbec, a také jeho pohledem na člověka a kulturu, který je s jeho environmentálními důrazy spjat.</span></span></span></p>
<p><span style="color: #a32b00; font-family: inherit; font-size: medium; font-weight: normal;">Jan Zámečník je environmentální teolog, spolupřekladatel knihy <em>Teologie zvířat</em> Andrewa Linzeye. Vyučuje na katedře teologické etiky Evangelické teologické fakulty UK a externě na katedře environmentálních studií Fakulty sociálních studií MU.</span><span style="font-size: medium; color: #a32b00;"> </span></p>
<p><span style="font-size: medium; color: #d60015;">Přednáška se uskutečňuje jako součást oslav <a href="https://laudatosiweek.org/events/">Týdne Laudato si&#8216; 2021</a>.</span><span style="font-size: medium; color: #a32b00;"></span></p>
<p><span style="color: #e09900; font-size: medium;">K účasti není potřeba se registrovat, připojit se můžete rozkliknutím odkazu <a href="https://cesnet.zoom.us/j/96482367989#success">Launch Meeting &#8211; Zoom</a>, Meeting ID: <span>964 8236 7989.</span></span></p>
<p>[/et_pb_text][et_pb_image src=&#8220;https://www.zitlaudatosi.cz/wp-content/uploads/2021/05/portrait-albert-Schweitzer-1024&#215;834.jpg&#8220; align=&#8220;center&#8220; _builder_version=&#8220;3.21&#8243;][/et_pb_image][/et_pb_column][/et_pb_row][/et_pb_section]</p>

<p>22. května 2021 v 17h srdečně zveme k online přednášce na téma Co se dnes můžeme naučit od Alberta Schweitzera přednáší Jan Zámečník Lékař, teolog a hudebník Albert Schweitzer (1875–1965) vešel ve známost také díky své myšlence „úcty k životu“, kterou chápal jako základní princip lidského vztahu k přírodě. V přednášce a diskusi se budeme [&hellip;]</p>
