{"id":1966,"date":"2020-08-14T11:07:33","date_gmt":"2020-08-14T11:07:33","guid":{"rendered":"http:\/\/www.zitlaudatosi.cz\/?page_id=1966"},"modified":"2020-09-06T18:46:55","modified_gmt":"2020-09-06T18:46:55","slug":"ekumenicka-bohosluzba-za-klimatickou-spravedlnost","status":"publish","type":"page","link":"https:\/\/www.zitlaudatosi.cz\/index.php\/slaveni\/ekumenicka-bohosluzba-za-klimatickou-spravedlnost\/","title":{"rendered":"Ekumenick\u00e1 bohoslu\u017eba za klimatickou spravedlnost"},"content":{"rendered":"<p>[et_pb_section fb_built=&#8220;1&#8243; _builder_version=&#8220;3.0.47&#8243;][et_pb_row custom_padding=&#8220;24px|0px|1px|0px|false|false&#8220; _builder_version=&#8220;3.0.48&#8243; background_size=&#8220;initial&#8220; background_position=&#8220;top_left&#8220; background_repeat=&#8220;repeat&#8220;][et_pb_column type=&#8220;4_4&#8243; _builder_version=&#8220;3.0.47&#8243;][et_pb_text _builder_version=&#8220;3.21&#8243; inline_fonts=&#8220;Verdana,ABeeZee&#8220;]<\/p>\n<p style=\"text-align: center;\"><span style=\"font-size: large; color: #1ba038;\"><strong><span style=\"font-family: Verdana;\">Ekumenick\u00e1 bohoslu\u017eba za klimatickou spravedlnost<\/span><\/strong><\/span><\/p>\n<p><span style=\"color: #20bf23; font-size: medium; font-family: Verdana; font-weight: normal;\"><span style=\"background-color: #ffffff;\">se uskute\u010dn\u00ed <strong>4. z\u00e1\u0159\u00ed 2020 od 15h\u00a0<\/strong>v r\u00e1mci <a href=\"https:\/\/limityjsmemy.cz\/event\/konec-uhli-ted-akcni-vikend\/\">Ak\u010dn\u00edho v\u00edkendu &#8211; konec uhl\u00ed #TE\u010e<\/a>.\u00a0Budeme naslouchat a d\u011bkovat, zp\u00edvat a prosit. Otev\u0159eme sv\u00e1 srdce tomu, kter\u00fd stvo\u0159il v\u00e1nek, kv\u011btiny i uhl\u00ed, a pozveme ho k \u00fa\u010dasti na z\u00e1pase o klimatickou spravedlnost. Pozveme tak\u00e9 lidi, kte\u0159\u00ed po spravedlnosti tou\u017e\u00ed, aby mohli sv\u016fj z\u00e1pas sv\u011b\u0159it tomu, kter\u00fd u\u017e zv\u00edt\u011bzil.<\/span><\/span><\/p>\n<p><span style=\"color: #20bf23; font-size: medium; font-family: Verdana; font-weight: normal;\"><span style=\"background-color: #ffffff;\">Informace o ekumenick\u00e9 klimatick\u00e9 bohoslu\u017eb\u011b konan\u00e9 v \u010cR v roce 2019 najdete <a href=\"https:\/\/www.zitlaudatosi.cz\/index.php\/spolecenstvi\/klimakemp\/\">zde<\/a>.<\/span><\/span><\/p>\n<p><span style=\"background-color: #ffffff; font-size: 16px; white-space: pre-wrap; color: #22c92a; font-family: Verdana;\">Bohoslu\u017eba se uskute\u010dn\u00ed v bl\u00edzkosti t\u00e1bora Ak\u010dn\u00edho v\u00edkendu v Mosteck\u00e9 uheln\u00e9 p\u00e1nvi <a href=\"https:\/\/www.zitlaudatosi.cz\/wp-content\/uploads\/2020\/08\/sm\u00edr\u010d\u00ed-k\u0159\u00ed\u017e.png\">u sm\u00edr\u010d\u00edho k\u0159\u00ed\u017ee<\/a> v obci Oko\u0159\u00edn bl\u00edzko Chomutova. Pro dal\u0161\u00ed info n\u00e1m napi\u0161te na <\/span><a href=\"mailto:amen@zitlaudatosi.cz\" style=\"font-size: 16px; white-space: pre-wrap; font-family: Verdana; color: #22c92a;\">amen@zitlaudatosi.cz<\/a><span style=\"background-color: #ffffff; font-size: 16px; white-space: pre-wrap; color: #22c92a; font-family: Verdana;\">.<\/span><\/p>\n<p>[\/et_pb_text][et_pb_image src=&#8220;https:\/\/www.zitlaudatosi.cz\/wp-content\/uploads\/2020\/08\/aa.jpg&#8220; align=&#8220;center&#8220; _builder_version=&#8220;3.21&#8243;][\/et_pb_image][\/et_pb_column][\/et_pb_row][\/et_pb_section]<\/p>\n","protected":false},"excerpt":{"rendered":"<p>Ekumenick\u00e1 bohoslu\u017eba za klimatickou spravedlnost se uskute\u010dn\u00ed 4. z\u00e1\u0159\u00ed 2020 od 15h\u00a0v r\u00e1mci Ak\u010dn\u00edho v\u00edkendu &#8211; konec uhl\u00ed #TE\u010e.\u00a0Budeme naslouchat a d\u011bkovat, zp\u00edvat a prosit. Otev\u0159eme sv\u00e1 srdce tomu, kter\u00fd stvo\u0159il v\u00e1nek, kv\u011btiny i uhl\u00ed, a pozveme ho k \u00fa\u010dasti na z\u00e1pase o klimatickou spravedlnost. Pozveme tak\u00e9 lidi, kte\u0159\u00ed po spravedlnosti tou\u017e\u00ed, aby mohli sv\u016fj [&hellip;]<\/p>\n","protected":false},"author":1,"featured_media":0,"parent":713,"menu_order":0,"comment_status":"closed","ping_status":"closed","template":"","meta":{"_et_pb_use_builder":"on","_et_pb_old_content":"","_et_gb_content_width":""},"_links":{"self":[{"href":"https:\/\/www.zitlaudatosi.cz\/index.php\/wp-json\/wp\/v2\/pages\/1966"}],"collection":[{"href":"https:\/\/www.zitlaudatosi.cz\/index.php\/wp-json\/wp\/v2\/pages"}],"about":[{"href":"https:\/\/www.zitlaudatosi.cz\/index.php\/wp-json\/wp\/v2\/types\/page"}],"author":[{"embeddable":true,"href":"https:\/\/www.zitlaudatosi.cz\/index.php\/wp-json\/wp\/v2\/users\/1"}],"replies":[{"embeddable":true,"href":"https:\/\/www.zitlaudatosi.cz\/index.php\/wp-json\/wp\/v2\/comments?post=1966"}],"version-history":[{"count":8,"href":"https:\/\/www.zitlaudatosi.cz\/index.php\/wp-json\/wp\/v2\/pages\/1966\/revisions"}],"predecessor-version":[{"id":2041,"href":"https:\/\/www.zitlaudatosi.cz\/index.php\/wp-json\/wp\/v2\/pages\/1966\/revisions\/2041"}],"up":[{"embeddable":true,"href":"https:\/\/www.zitlaudatosi.cz\/index.php\/wp-json\/wp\/v2\/pages\/713"}],"wp:attachment":[{"href":"https:\/\/www.zitlaudatosi.cz\/index.php\/wp-json\/wp\/v2\/media?parent=1966"}],"curies":[{"name":"wp","href":"https:\/\/api.w.org\/{rel}","templated":true}]}}

Ekumenická bohoslužba za klimatickou spravedlnost

<p>[et_pb_section fb_built=&#8220;1&#8243; _builder_version=&#8220;3.0.47&#8243;][et_pb_row custom_padding=&#8220;24px|0px|1px|0px|false|false&#8220; _builder_version=&#8220;3.0.48&#8243; background_size=&#8220;initial&#8220; background_position=&#8220;top_left&#8220; background_repeat=&#8220;repeat&#8220;][et_pb_column type=&#8220;4_4&#8243; _builder_version=&#8220;3.0.47&#8243;][et_pb_text _builder_version=&#8220;3.21&#8243; inline_fonts=&#8220;Verdana,ABeeZee&#8220;]</p>
<p style="text-align: center;"><span style="font-size: large; color: #1ba038;"><strong><span style="font-family: Verdana;">Ekumenická bohoslužba za klimatickou spravedlnost</span></strong></span></p>
<p><span style="color: #20bf23; font-size: medium; font-family: Verdana; font-weight: normal;"><span style="background-color: #ffffff;">se uskuteční <strong>4. září 2020 od 15h </strong>v rámci <a href="https://limityjsmemy.cz/event/konec-uhli-ted-akcni-vikend/">Akčního víkendu &#8211; konec uhlí #TEĎ</a>. Budeme naslouchat a děkovat, zpívat a prosit. Otevřeme svá srdce tomu, který stvořil vánek, květiny i uhlí, a pozveme ho k účasti na zápase o klimatickou spravedlnost. Pozveme také lidi, kteří po spravedlnosti touží, aby mohli svůj zápas svěřit tomu, který už zvítězil.</span></span></p>
<p><span style="color: #20bf23; font-size: medium; font-family: Verdana; font-weight: normal;"><span style="background-color: #ffffff;">Informace o ekumenické klimatické bohoslužbě konané v ČR v roce 2019 najdete <a href="https://www.zitlaudatosi.cz/index.php/spolecenstvi/klimakemp/">zde</a>.</span></span></p>
<p><span style="background-color: #ffffff; font-size: 16px; white-space: pre-wrap; color: #22c92a; font-family: Verdana;">Bohoslužba se uskuteční v blízkosti tábora Akčního víkendu v Mostecké uhelné pánvi <a href="https://www.zitlaudatosi.cz/wp-content/uploads/2020/08/smírčí-kříž.png">u smírčího kříže</a> v obci Okořín blízko Chomutova. Pro další info nám napište na </span><a href="mailto:amen@zitlaudatosi.cz" style="font-size: 16px; white-space: pre-wrap; font-family: Verdana; color: #22c92a;">amen@zitlaudatosi.cz</a><span style="background-color: #ffffff; font-size: 16px; white-space: pre-wrap; color: #22c92a; font-family: Verdana;">.</span></p>
<p>[/et_pb_text][et_pb_image src=&#8220;https://www.zitlaudatosi.cz/wp-content/uploads/2020/08/aa.jpg&#8220; align=&#8220;center&#8220; _builder_version=&#8220;3.21&#8243;][/et_pb_image][/et_pb_column][/et_pb_row][/et_pb_section]</p>

<p>Ekumenická bohoslužba za klimatickou spravedlnost se uskuteční 4. září 2020 od 15h v rámci Akčního víkendu &#8211; konec uhlí #TEĎ. Budeme naslouchat a děkovat, zpívat a prosit. Otevřeme svá srdce tomu, který stvořil vánek, květiny i uhlí, a pozveme ho k účasti na zápase o klimatickou spravedlnost. Pozveme také lidi, kteří po spravedlnosti touží, aby mohli svůj [&hellip;]</p>
